{"id":272,"date":"2025-11-22T01:07:20","date_gmt":"2025-11-22T01:07:20","guid":{"rendered":"https:\/\/vishnuglobal.org\/?page_id=272"},"modified":"2026-02-26T21:03:52","modified_gmt":"2026-02-26T21:03:52","slug":"272-2","status":"publish","type":"page","link":"https:\/\/vishnuglobal.org\/?page_id=272","title":{"rendered":"Donation"},"content":{"rendered":"<p>[et_pb_section fb_built=&#8221;1&#8243; admin_label=&#8221;Donate&#8221; _builder_version=&#8221;4.27.4&#8243; _module_preset=&#8221;default&#8221; custom_padding=&#8221;90px||90px||true|&#8221; locked=&#8221;off&#8221; collapsed=&#8221;on&#8221; global_colors_info=&#8221;{%22gcid-5c8cf0f0-e16c-4fb4-830d-0e2307a7b801%22:%91%22background_color%22%93}&#8221; da_is_popup=&#8221;off&#8221; da_exit_intent=&#8221;off&#8221; da_has_close=&#8221;on&#8221; da_alt_close=&#8221;off&#8221; da_dark_close=&#8221;off&#8221; da_not_modal=&#8221;on&#8221; da_is_singular=&#8221;off&#8221; da_with_loader=&#8221;off&#8221; da_has_shadow=&#8221;on&#8221; da_disable_devices=&#8221;off|off|off&#8221;][et_pb_row column_structure=&#8221;1_2,1_2&#8243; _builder_version=&#8221;4.24.3&#8243; _module_preset=&#8221;5138c454-be54-4233-bd3b-f8e6a8747976&#8243; locked=&#8221;off&#8221; global_colors_info=&#8221;{}&#8221;][et_pb_column type=&#8221;1_2&#8243; _builder_version=&#8221;4.18.0&#8243; _module_preset=&#8221;73121f80-a3ef-4484-8763-c3f18e3c56d2&#8243; custom_padding=&#8221;40px||40px||true|false&#8221; custom_padding_tablet=&#8221;30px||30px||true|false&#8221; custom_padding_phone=&#8221;20px||20px||true|false&#8221; custom_padding_last_edited=&#8221;on|phone&#8221; global_colors_info=&#8221;{}&#8221;][et_pb_heading title=&#8221;Make a difference with your donation!&#8221; _builder_version=&#8221;4.27.4&#8243; _module_preset=&#8221;c33f07d9-41e0-421a-8799-5799df695cce&#8221; title_font=&#8221;Playfair Display|Playfair Display_weight|||||||&#8221; title_text_color=&#8221;#7C1C10&#8243; title_line_height=&#8221;1.2em&#8221; custom_margin=&#8221;||10px||false|false&#8221; title_font_size_tablet=&#8221;28px&#8221; title_font_size_phone=&#8221;20px&#8221; locked=&#8221;off&#8221; global_colors_info=&#8221;{}&#8221;][\/et_pb_heading][et_pb_text quote_border_color=&#8221;#57cc99&#8243; _builder_version=&#8221;4.27.4&#8243; _module_preset=&#8221;2c55a9c4-feed-423b-9edb-ae0b5b365cac&#8221; text_font=&#8221;Arial|700|||||||&#8221; text_text_color=&#8221;#023369&#8243; text_font_size=&#8221;19px&#8221; text_line_height=&#8221;1.75em&#8221; link_font=&#8221;|Source Sans Pro_weight|||||||&#8221; link_text_color=&#8221;#22577a&#8221; quote_font=&#8221;Playfair Display|Playfair Display_weight|||||||&#8221; quote_text_color=&#8221;#0e0c19&#8243; header_font=&#8221;Playfair Display|Playfair Display_weight|||||||&#8221; header_text_color=&#8221;#0e0c19&#8243; header_font_size=&#8221;72px&#8221; header_line_height=&#8221;1.15em&#8221; header_2_font=&#8221;Playfair Display|Playfair Display_weight|||||||&#8221; header_2_text_color=&#8221;#0e0c19&#8243; header_2_line_height=&#8221;1.2em&#8221; header_3_font=&#8221;Playfair Display|Playfair Display_weight|||||||&#8221; header_3_text_color=&#8221;#0e0c19&#8243; header_3_font_size=&#8221;32px&#8221; header_4_font=&#8221;Playfair Display|Playfair Display_weight|||||||&#8221; header_4_text_color=&#8221;#0e0c19&#8243; header_4_font_size=&#8221;24px&#8221; header_4_line_height=&#8221;1.4em&#8221; header_5_font=&#8221;Playfair Display|Playfair Display_weight|||||||&#8221; header_5_text_color=&#8221;#0e0c19&#8243; header_5_font_size=&#8221;18px&#8221; header_6_font=&#8221;Playfair Display|Playfair Display_weight|||||||&#8221; header_6_text_color=&#8221;#0e0c19&#8243; header_6_font_size=&#8221;14px&#8221; header_6_line_height=&#8221;1.5em&#8221; text_orientation=&#8221;center&#8221; custom_margin=&#8221;||||false|false&#8221; text_font_size_tablet=&#8221;15px&#8221; text_font_size_phone=&#8221;14px&#8221; text_font_size_last_edited=&#8221;on|phone&#8221; header_font_size_tablet=&#8221;40px&#8221; header_font_size_phone=&#8221;24px&#8221; header_2_font_size_tablet=&#8221;28px&#8221; header_2_font_size_phone=&#8221;20px&#8221; header_3_font_size_tablet=&#8221;22px&#8221; header_3_font_size_phone=&#8221;17px&#8221; header_4_font_size_tablet=&#8221;18px&#8221; header_4_font_size_phone=&#8221;15px&#8221; header_4_font_size_last_edited=&#8221;on|tablet&#8221; header_5_font_size_tablet=&#8221;15px&#8221; header_5_font_size_phone=&#8221;14px&#8221; header_5_font_size_last_edited=&#8221;on|desktop&#8221; header_6_font_size_tablet=&#8221;13px&#8221; header_6_font_size_phone=&#8221;13px&#8221; locked=&#8221;off&#8221; global_colors_info=&#8221;{}&#8221;]<\/p>\n<p>Your generous contributions will directly fund the restoration of the K\u0101zh\u012bs\u012brama Vi\u1e47\u1e47agaram , preserving its rich history and cultural significance. Every donation helps us repair the temple&#8217;s intricate architecture, support local artisans, and maintain the sacred grounds for future generations. Join us in this noble cause to protect our spiritual heritage and foster community unity.<\/p>\n<p>The donation gateway on the right is powered by Zeffy. Feel free to pay fees to Zeffy (or not!) to cover their transaction fees.<\/p>\n<p>&nbsp;<\/p>\n<p>&nbsp;<\/p>\n<p>[\/et_pb_text][dnxte_button button_text=&#8221;Donate Here for the Restoration of Tiruv\u0101li\u2013Tirunagari Divya De\u015bam&#8221; button_link=&#8221;https:\/\/www.zeffy.com\/en-US\/donation-form\/thiruvali-thirunagari-divya-desam-renovation-completion&#8221; dnxt_button_alignment=&#8221;center&#8221; btn_icon_color=&#8221;gcid-12a4b5c6-e0d7-463a-ae6d-47f06b1c6f0d&#8221; _builder_version=&#8221;4.27.4&#8243; _module_preset=&#8221;default&#8221; btn_fonts_font=&#8221;Arial|&#8211;et_global_heading_font_weight|||||||&#8221; btn_fonts_text_color=&#8221;#FFFFFF&#8221; background_color=&#8221;gcid-12a4b5c6-e0d7-463a-ae6d-47f06b1c6f0d&#8221; border_radii_btn_border=&#8221;on|37px|37px|37px|37px&#8221; border_color_all_btn_border=&#8221;gcid-12a4b5c6-e0d7-463a-ae6d-47f06b1c6f0d&#8221; global_colors_info=&#8221;{%22gcid-12a4b5c6-e0d7-463a-ae6d-47f06b1c6f0d%22:%91%22border_color_all_btn_border%22,%22btn_icon_color%22,%22background_color%22%93}&#8221; theme_builder_area=&#8221;post_content&#8221;][\/dnxte_button][\/et_pb_column][et_pb_column type=&#8221;1_2&#8243; _builder_version=&#8221;4.24.3&#8243; _module_preset=&#8221;92716280-2ae8-4a3a-8254-2d5a51101853&#8243; background_color=&#8221;#22577a&#8221; custom_padding=&#8221;40px|40px|40px|40px|true|true&#8221; custom_padding_tablet=&#8221;30px|30px|30px|30px|true|true&#8221; custom_padding_phone=&#8221;20px|20px|20px|20px|true|true&#8221; custom_padding_last_edited=&#8221;on|desktop&#8221; border_radii=&#8221;on|6px|6px|6px|6px&#8221; global_colors_info=&#8221;{%22#22577a%22:%91%22background_color%22%93}&#8221;][et_pb_code _builder_version=&#8221;4.27.4&#8243; _module_preset=&#8221;default&#8221; global_colors_info=&#8221;{}&#8221;]<\/p>\n<div style=\"position:relative;overflow:hidden;height:450px;width:100%;\"><iframe title='Donation form powered by Zeffy' style='position: absolute; border: 0; top:0;left:0;bottom:0;right:0;width:100%;height:100%' src='https:\/\/www.zeffy.com\/embed\/donation-form\/seerkahi-temple-renovation' allowpaymentrequest allowTransparency=\"true\"><\/iframe><\/div>\n<p>[\/et_pb_code][\/et_pb_column][\/et_pb_row][\/et_pb_section]<\/p>\n","protected":false},"excerpt":{"rendered":"<p>Your generous contributions will directly fund the restoration of the K\u0101zh\u012bs\u012brama Vi\u1e47\u1e47agaram , preserving its rich history and cultural significance. Every donation helps us repair the temple&#8217;s intricate architecture, support local artisans, and maintain the sacred grounds for future generations. Join us in this noble cause to protect our spiritual heritage and foster community unity. [&hellip;]<\/p>\n","protected":false},"author":1,"featured_media":0,"parent":0,"menu_order":0,"comment_status":"closed","ping_status":"closed","template":"","meta":{"_et_pb_use_builder":"on","_et_pb_old_content":"","_et_gb_content_width":"","footnotes":""},"class_list":["post-272","page","type-page","status-publish","hentry"],"yoast_head":"<!-- This site is optimized with the Yoast SEO plugin v27.5 - https:\/\/yoast.com\/product\/yoast-seo-wordpress\/ -->\n<title>Donation - Vishnu Global<\/title>\n<meta name=\"robots\" content=\"index, follow, max-snippet:-1, max-image-preview:large, max-video-preview:-1\" \/>\n<link rel=\"canonical\" href=\"https:\/\/vishnuglobal.org\/?page_id=272\" \/>\n<meta property=\"og:locale\" content=\"en_US\" \/>\n<meta property=\"og:type\" content=\"article\" \/>\n<meta property=\"og:title\" content=\"Donation - Vishnu Global\" \/>\n<meta property=\"og:description\" content=\"Your generous contributions will directly fund the restoration of the K\u0101zh\u012bs\u012brama Vi\u1e47\u1e47agaram , preserving its rich history and cultural significance. Every donation helps us repair the temple&#039;s intricate architecture, support local artisans, and maintain the sacred grounds for future generations. Join us in this noble cause to protect our spiritual heritage and foster community unity. [&hellip;]\" \/>\n<meta property=\"og:url\" content=\"https:\/\/vishnuglobal.org\/?page_id=272\" \/>\n<meta property=\"og:site_name\" content=\"Vishnu Global\" \/>\n<meta property=\"article:publisher\" content=\"https:\/\/www.facebook.com\/share\/1AQvR8PLma\/?mibextid=wwXIfr\" \/>\n<meta property=\"article:modified_time\" content=\"2026-02-26T21:03:52+00:00\" \/>\n<meta name=\"twitter:card\" content=\"summary_large_image\" \/>\n<script type=\"application\/ld+json\" class=\"yoast-schema-graph\">{\"@context\":\"https:\\\/\\\/schema.org\",\"@graph\":[{\"@type\":\"WebPage\",\"@id\":\"https:\\\/\\\/vishnuglobal.org\\\/?page_id=272\",\"url\":\"https:\\\/\\\/vishnuglobal.org\\\/?page_id=272\",\"name\":\"Donation - Vishnu Global\",\"isPartOf\":{\"@id\":\"https:\\\/\\\/vishnuglobal.org\\\/#website\"},\"datePublished\":\"2025-11-22T01:07:20+00:00\",\"dateModified\":\"2026-02-26T21:03:52+00:00\",\"breadcrumb\":{\"@id\":\"https:\\\/\\\/vishnuglobal.org\\\/?page_id=272#breadcrumb\"},\"inLanguage\":\"en-US\",\"potentialAction\":[{\"@type\":\"ReadAction\",\"target\":[\"https:\\\/\\\/vishnuglobal.org\\\/?page_id=272\"]}]},{\"@type\":\"BreadcrumbList\",\"@id\":\"https:\\\/\\\/vishnuglobal.org\\\/?page_id=272#breadcrumb\",\"itemListElement\":[{\"@type\":\"ListItem\",\"position\":1,\"name\":\"Home\",\"item\":\"https:\\\/\\\/vishnuglobal.org\\\/\"},{\"@type\":\"ListItem\",\"position\":2,\"name\":\"Donation\"}]},{\"@type\":\"WebSite\",\"@id\":\"https:\\\/\\\/vishnuglobal.org\\\/#website\",\"url\":\"https:\\\/\\\/vishnuglobal.org\\\/\",\"name\":\"Vishnu Global\",\"description\":\"\",\"publisher\":{\"@id\":\"https:\\\/\\\/vishnuglobal.org\\\/#organization\"},\"potentialAction\":[{\"@type\":\"SearchAction\",\"target\":{\"@type\":\"EntryPoint\",\"urlTemplate\":\"https:\\\/\\\/vishnuglobal.org\\\/?s={search_term_string}\"},\"query-input\":{\"@type\":\"PropertyValueSpecification\",\"valueRequired\":true,\"valueName\":\"search_term_string\"}}],\"inLanguage\":\"en-US\"},{\"@type\":\"Organization\",\"@id\":\"https:\\\/\\\/vishnuglobal.org\\\/#organization\",\"name\":\"Vishnu Global\",\"url\":\"https:\\\/\\\/vishnuglobal.org\\\/\",\"logo\":{\"@type\":\"ImageObject\",\"inLanguage\":\"en-US\",\"@id\":\"https:\\\/\\\/vishnuglobal.org\\\/#\\\/schema\\\/logo\\\/image\\\/\",\"url\":\"https:\\\/\\\/vishnuglobal.org\\\/wp-content\\\/uploads\\\/2025\\\/11\\\/Design-scaled.jpg\",\"contentUrl\":\"https:\\\/\\\/vishnuglobal.org\\\/wp-content\\\/uploads\\\/2025\\\/11\\\/Design-scaled.jpg\",\"width\":2560,\"height\":2560,\"caption\":\"Vishnu Global\"},\"image\":{\"@id\":\"https:\\\/\\\/vishnuglobal.org\\\/#\\\/schema\\\/logo\\\/image\\\/\"},\"sameAs\":[\"https:\\\/\\\/www.facebook.com\\\/share\\\/1AQvR8PLma\\\/?mibextid=wwXIfr\"]}]}<\/script>\n<!-- \/ Yoast SEO plugin. -->","yoast_head_json":{"title":"Donation - Vishnu Global","robots":{"index":"index","follow":"follow","max-snippet":"max-snippet:-1","max-image-preview":"max-image-preview:large","max-video-preview":"max-video-preview:-1"},"canonical":"https:\/\/vishnuglobal.org\/?page_id=272","og_locale":"en_US","og_type":"article","og_title":"Donation - Vishnu Global","og_description":"Your generous contributions will directly fund the restoration of the K\u0101zh\u012bs\u012brama Vi\u1e47\u1e47agaram , preserving its rich history and cultural significance. Every donation helps us repair the temple's intricate architecture, support local artisans, and maintain the sacred grounds for future generations. Join us in this noble cause to protect our spiritual heritage and foster community unity. [&hellip;]","og_url":"https:\/\/vishnuglobal.org\/?page_id=272","og_site_name":"Vishnu Global","article_publisher":"https:\/\/www.facebook.com\/share\/1AQvR8PLma\/?mibextid=wwXIfr","article_modified_time":"2026-02-26T21:03:52+00:00","twitter_card":"summary_large_image","schema":{"@context":"https:\/\/schema.org","@graph":[{"@type":"WebPage","@id":"https:\/\/vishnuglobal.org\/?page_id=272","url":"https:\/\/vishnuglobal.org\/?page_id=272","name":"Donation - Vishnu Global","isPartOf":{"@id":"https:\/\/vishnuglobal.org\/#website"},"datePublished":"2025-11-22T01:07:20+00:00","dateModified":"2026-02-26T21:03:52+00:00","breadcrumb":{"@id":"https:\/\/vishnuglobal.org\/?page_id=272#breadcrumb"},"inLanguage":"en-US","potentialAction":[{"@type":"ReadAction","target":["https:\/\/vishnuglobal.org\/?page_id=272"]}]},{"@type":"BreadcrumbList","@id":"https:\/\/vishnuglobal.org\/?page_id=272#breadcrumb","itemListElement":[{"@type":"ListItem","position":1,"name":"Home","item":"https:\/\/vishnuglobal.org\/"},{"@type":"ListItem","position":2,"name":"Donation"}]},{"@type":"WebSite","@id":"https:\/\/vishnuglobal.org\/#website","url":"https:\/\/vishnuglobal.org\/","name":"Vishnu Global","description":"","publisher":{"@id":"https:\/\/vishnuglobal.org\/#organization"},"potentialAction":[{"@type":"SearchAction","target":{"@type":"EntryPoint","urlTemplate":"https:\/\/vishnuglobal.org\/?s={search_term_string}"},"query-input":{"@type":"PropertyValueSpecification","valueRequired":true,"valueName":"search_term_string"}}],"inLanguage":"en-US"},{"@type":"Organization","@id":"https:\/\/vishnuglobal.org\/#organization","name":"Vishnu Global","url":"https:\/\/vishnuglobal.org\/","logo":{"@type":"ImageObject","inLanguage":"en-US","@id":"https:\/\/vishnuglobal.org\/#\/schema\/logo\/image\/","url":"https:\/\/vishnuglobal.org\/wp-content\/uploads\/2025\/11\/Design-scaled.jpg","contentUrl":"https:\/\/vishnuglobal.org\/wp-content\/uploads\/2025\/11\/Design-scaled.jpg","width":2560,"height":2560,"caption":"Vishnu Global"},"image":{"@id":"https:\/\/vishnuglobal.org\/#\/schema\/logo\/image\/"},"sameAs":["https:\/\/www.facebook.com\/share\/1AQvR8PLma\/?mibextid=wwXIfr"]}]}},"_links":{"self":[{"href":"https:\/\/vishnuglobal.org\/index.php?rest_route=\/wp\/v2\/pages\/272","targetHints":{"allow":["GET"]}}],"collection":[{"href":"https:\/\/vishnuglobal.org\/index.php?rest_route=\/wp\/v2\/pages"}],"about":[{"href":"https:\/\/vishnuglobal.org\/index.php?rest_route=\/wp\/v2\/types\/page"}],"author":[{"embeddable":true,"href":"https:\/\/vishnuglobal.org\/index.php?rest_route=\/wp\/v2\/users\/1"}],"replies":[{"embeddable":true,"href":"https:\/\/vishnuglobal.org\/index.php?rest_route=%2Fwp%2Fv2%2Fcomments&post=272"}],"version-history":[{"count":6,"href":"https:\/\/vishnuglobal.org\/index.php?rest_route=\/wp\/v2\/pages\/272\/revisions"}],"predecessor-version":[{"id":987508401,"href":"https:\/\/vishnuglobal.org\/index.php?rest_route=\/wp\/v2\/pages\/272\/revisions\/987508401"}],"wp:attachment":[{"href":"https:\/\/vishnuglobal.org\/index.php?rest_route=%2Fwp%2Fv2%2Fmedia&parent=272"}],"curies":[{"name":"wp","href":"https:\/\/api.w.org\/{rel}","templated":true}]}}