{"id":987508387,"date":"2026-02-26T20:28:04","date_gmt":"2026-02-26T20:28:04","guid":{"rendered":"https:\/\/vishnuglobal.org\/?page_id=987508387"},"modified":"2026-02-26T21:01:39","modified_gmt":"2026-02-26T21:01:39","slug":"tiruvali","status":"publish","type":"page","link":"https:\/\/vishnuglobal.org\/?page_id=987508387","title":{"rendered":"Tiruvali-Tirunagari Restoration"},"content":{"rendered":"<p>[et_pb_section fb_built=&#8221;1&#8243; _builder_version=&#8221;4.27.4&#8243; _module_preset=&#8221;default&#8221; da_disable_devices=&#8221;off|off|off&#8221; global_colors_info=&#8221;{}&#8221; da_is_popup=&#8221;off&#8221; da_exit_intent=&#8221;off&#8221; da_has_close=&#8221;on&#8221; da_alt_close=&#8221;off&#8221; da_dark_close=&#8221;off&#8221; da_not_modal=&#8221;on&#8221; da_is_singular=&#8221;off&#8221; da_with_loader=&#8221;off&#8221; da_has_shadow=&#8221;on&#8221;][et_pb_row _builder_version=&#8221;4.27.4&#8243; _module_preset=&#8221;default&#8221; global_colors_info=&#8221;{}&#8221;][et_pb_column type=&#8221;4_4&#8243; _builder_version=&#8221;4.27.4&#8243; _module_preset=&#8221;default&#8221;][et_pb_text _builder_version=&#8221;4.27.4&#8243; _module_preset=&#8221;default&#8221; text_font=&#8221;Playfair Display|&#8211;et_global_heading_font_weight|||||||&#8221; text_text_color=&#8221;gcid-5c8cf0f0-e16c-4fb4-830d-0e2307a7b801&#8243; text_font_size=&#8221;50px&#8221; text_line_height=&#8221;1.9em&#8221; hover_enabled=&#8221;0&#8243; global_colors_info=&#8221;{%22gcid-primary-color%22:%91%22quote_text_color%22,%22quote_text_color%22%93,%22gcid-5c8cf0f0-e16c-4fb4-830d-0e2307a7b801%22:%91%22text_text_color%22%93}&#8221; header_font=&#8221;Playfair Display||||||||&#8221; sticky_enabled=&#8221;0&#8243;]<\/p>\n<p style=\"text-align: center;\">Urgent Call: Help complete the renovation of Tiruv\u0101li\u2013Tirunagari Divya De\u015bam<\/p>\n<p>[\/et_pb_text][\/et_pb_column][\/et_pb_row][\/et_pb_section][et_pb_section fb_built=&#8221;1&#8243; _builder_version=&#8221;4.27.4&#8243; _module_preset=&#8221;default&#8221; da_disable_devices=&#8221;off|off|off&#8221; global_colors_info=&#8221;{}&#8221; da_is_popup=&#8221;off&#8221; da_exit_intent=&#8221;off&#8221; da_has_close=&#8221;on&#8221; da_alt_close=&#8221;off&#8221; da_dark_close=&#8221;off&#8221; da_not_modal=&#8221;on&#8221; da_is_singular=&#8221;off&#8221; da_with_loader=&#8221;off&#8221; da_has_shadow=&#8221;on&#8221;][et_pb_row _builder_version=&#8221;4.27.4&#8243; _module_preset=&#8221;default&#8221; global_colors_info=&#8221;{}&#8221;][et_pb_column type=&#8221;4_4&#8243; _builder_version=&#8221;4.27.4&#8243; _module_preset=&#8221;default&#8221;][et_pb_text _builder_version=&#8221;4.27.4&#8243; _module_preset=&#8221;default&#8221; text_font=&#8221;|&#8211;et_global_body_font_weight|||||||&#8221; text_text_color=&#8221;gcid-5c8cf0f0-e16c-4fb4-830d-0e2307a7b801&#8243; text_font_size=&#8221;30px&#8221; text_line_height=&#8221;1.9em&#8221; header_font_size=&#8221;58px&#8221; global_colors_info=&#8221;{%22gcid-primary-color%22:%91%22quote_text_color%22,%22quote_text_color%22%93,%22gcid-5c8cf0f0-e16c-4fb4-830d-0e2307a7b801%22:%91%22text_text_color%22%93}&#8221;]<\/p>\n<p style=\"text-align: center;\">The <strong data-start=\"4\" data-end=\"39\">Tiruv\u0101li\u2013Tirunagari Divya De\u015bam<\/strong> has been undergoing renovation since 2024. During this period, no <em data-start=\"106\" data-end=\"116\">utsavams<\/em> for <strong data-start=\"121\" data-end=\"147\">Sv\u0101mi Tiruma\u1e45gai \u0100\u1e3bv\u0101r<\/strong> have taken place. Most renovation work is now complete, and the only remaining project is the repair and restoration of the Temple Rampart Walls (<em data-start=\"294\" data-end=\"314\">Tiruma\u1e0dil Suvarga\u1e37<\/em>).<\/p>\n<p style=\"text-align: center;\">The estimated cost of the remaining project is 27 Lakh INR or <strong>$30,000 USD<\/strong>. Please donate now to help complete the renovation so that festivals etc can resume at the temple. We invite all of you to visit the temple and participate in the festivals once renovations are complete!<\/p>\n<p>[\/et_pb_text][\/et_pb_column][\/et_pb_row][et_pb_row _builder_version=&#8221;4.27.4&#8243; _module_preset=&#8221;default&#8221; global_colors_info=&#8221;{}&#8221;][et_pb_column type=&#8221;4_4&#8243; _builder_version=&#8221;4.27.4&#8243; _module_preset=&#8221;default&#8221;][dnxte_button button_text=&#8221;Donate Here for the Restoration of Tiruv\u0101li\u2013Tirunagari Divya De\u015bam&#8221; button_link=&#8221;https:\/\/www.zeffy.com\/en-US\/donation-form\/thiruvali-thirunagari-divya-desam-renovation-completion&#8221; dnxt_button_alignment=&#8221;center&#8221; btn_icon_color=&#8221;gcid-12a4b5c6-e0d7-463a-ae6d-47f06b1c6f0d&#8221; _builder_version=&#8221;4.27.4&#8243; _module_preset=&#8221;default&#8221; btn_fonts_font=&#8221;Arial|&#8211;et_global_heading_font_weight|||||||&#8221; btn_fonts_text_color=&#8221;#FFFFFF&#8221; background_color=&#8221;gcid-12a4b5c6-e0d7-463a-ae6d-47f06b1c6f0d&#8221; border_radii_btn_border=&#8221;on|37px|37px|37px|37px&#8221; border_color_all_btn_border=&#8221;gcid-12a4b5c6-e0d7-463a-ae6d-47f06b1c6f0d&#8221; global_colors_info=&#8221;{%22gcid-12a4b5c6-e0d7-463a-ae6d-47f06b1c6f0d%22:%91%22border_color_all_btn_border%22,%22btn_icon_color%22,%22background_color%22%93}&#8221;][\/dnxte_button][\/et_pb_column][\/et_pb_row][\/et_pb_section][et_pb_section fb_built=&#8221;1&#8243; _builder_version=&#8221;4.27.4&#8243; _module_preset=&#8221;default&#8221; da_disable_devices=&#8221;off|off|off&#8221; global_colors_info=&#8221;{}&#8221; da_is_popup=&#8221;off&#8221; da_exit_intent=&#8221;off&#8221; da_has_close=&#8221;on&#8221; da_alt_close=&#8221;off&#8221; da_dark_close=&#8221;off&#8221; da_not_modal=&#8221;on&#8221; da_is_singular=&#8221;off&#8221; da_with_loader=&#8221;off&#8221; da_has_shadow=&#8221;on&#8221;][et_pb_row column_structure=&#8221;1_2,1_2&#8243; _builder_version=&#8221;4.27.4&#8243; _module_preset=&#8221;default&#8221; global_colors_info=&#8221;{}&#8221;][et_pb_column type=&#8221;1_2&#8243; _builder_version=&#8221;4.27.4&#8243; _module_preset=&#8221;default&#8221;][et_pb_image src=&#8221;https:\/\/vishnuglobal.org\/wp-content\/uploads\/2026\/02\/506520ee-a4da-4c26-88c4-10160fb20714.jpeg&#8221; title_text=&#8221;506520ee-a4da-4c26-88c4-10160fb20714&#8243; _builder_version=&#8221;4.27.4&#8243; _module_preset=&#8221;default&#8221; global_colors_info=&#8221;{}&#8221;][\/et_pb_image][\/et_pb_column][et_pb_column type=&#8221;1_2&#8243; _builder_version=&#8221;4.27.4&#8243; _module_preset=&#8221;default&#8221;][et_pb_text _builder_version=&#8221;4.27.4&#8243; _module_preset=&#8221;default&#8221; text_text_color=&#8221;gcid-12a4b5c6-e0d7-463a-ae6d-47f06b1c6f0d&#8221; text_font_size=&#8221;22px&#8221; header_text_color=&#8221;gcid-12a4b5c6-e0d7-463a-ae6d-47f06b1c6f0d&#8221; hover_enabled=&#8221;0&#8243; global_colors_info=&#8221;{%22gcid-primary-color%22:%91%22quote_text_color%22,%22quote_text_color%22,%22quote_text_color%22%93,%22gcid-12a4b5c6-e0d7-463a-ae6d-47f06b1c6f0d%22:%91%22header_text_color%22,%22text_text_color%22%93}&#8221; text_font=&#8221;Arial||||||||&#8221; sticky_enabled=&#8221;0&#8243;]<\/p>\n<p data-start=\"77\" data-end=\"408\">Tiruv\u0101li\u2013Tirunagari is a pair of closely located <strong data-start=\"126\" data-end=\"142\">Divya De\u015bams<\/strong> (sacred Vi\u1e63\u1e47u temples praised in the <em data-start=\"180\" data-end=\"207\">N\u0101l\u0101yira Divya Prabandham<\/em>) situated near <strong data-start=\"223\" data-end=\"248\">S\u012brk\u0101\u1e3bi in Tamil Nadu<\/strong>. These temples are deeply associated with <strong data-start=\"291\" data-end=\"311\">Tiruma\u1e45gai \u0100\u1e3bv\u0101r<\/strong>, one of the twelve \u015ar\u012bvai\u1e63\u1e47ava \u0100\u1e3bv\u0101rs, and hold great significance in the \u015ar\u012bvai\u1e63\u1e47ava tradition.<\/p>\n<ul data-start=\"410\" data-end=\"689\">\n<li data-start=\"410\" data-end=\"524\">\n<p data-start=\"412\" data-end=\"524\"><strong data-start=\"412\" data-end=\"424\">Tiruv\u0101li<\/strong>: Presiding deity \u2013 <em data-start=\"444\" data-end=\"470\">Lak\u1e63m\u012b Narasi\u1e43ha Perum\u0101\u1e37<\/em> (also called Kaly\u0101\u1e47a Ra\u1e45gan\u0101tha in some traditions)<\/p>\n<\/li>\n<li data-start=\"525\" data-end=\"585\">\n<p data-start=\"527\" data-end=\"585\"><strong data-start=\"527\" data-end=\"541\">Tirunagari<\/strong>: Presiding deity \u2013 <em data-start=\"561\" data-end=\"583\">Vedan\u0101r\u0101ya\u1e47a Perum\u0101\u1e37<\/em><\/p>\n<\/li>\n<li data-start=\"586\" data-end=\"689\">\n<p data-start=\"588\" data-end=\"689\">Goddess (T\u0101y\u0101r): <em data-start=\"605\" data-end=\"617\">Am\u1e5btavall\u012b<\/em> \/ <em data-start=\"620\" data-end=\"638\">P\u016br\u1e47avall\u012b T\u0101y\u0101r<\/em><em data-start=\"620\" data-end=\"638\"><\/em><\/p>\n<\/li>\n<\/ul>\n<p data-start=\"588\" data-end=\"689\"><em data-start=\"620\" data-end=\"638\"><\/em><strong data-start=\"2648\" data-end=\"2676\">Tiruma\u1e45gai \u0100\u1e3bv\u0101r Utsavam<\/strong> is the most important annual festival.<\/p>\n<p data-start=\"2720\" data-end=\"2852\">The famous <strong data-start=\"2731\" data-end=\"2752\">V\u0113\u1e0dupari festival<\/strong> reenacts the episode where the \u0100\u1e3bv\u0101r attempted to rob the Lord and received spiritual initiation.<\/p>\n<p><em data-start=\"620\" data-end=\"638\"><\/em><\/p>\n<p>[\/et_pb_text][\/et_pb_column][\/et_pb_row][\/et_pb_section]<\/p>\n","protected":false},"excerpt":{"rendered":"<p>Urgent Call: Help complete the renovation of Tiruv\u0101li\u2013Tirunagari Divya De\u015bamThe Tiruv\u0101li\u2013Tirunagari Divya De\u015bam has been undergoing renovation since 2024. During this period, no utsavams for Sv\u0101mi Tiruma\u1e45gai \u0100\u1e3bv\u0101r have taken place. Most renovation work is now complete, and the only remaining project is the repair and restoration of the Temple Rampart Walls (Tiruma\u1e0dil Suvarga\u1e37). The [&hellip;]<\/p>\n","protected":false},"author":1,"featured_media":0,"parent":0,"menu_order":0,"comment_status":"closed","ping_status":"closed","template":"","meta":{"_et_pb_use_builder":"on","_et_pb_old_content":"","_et_gb_content_width":"","footnotes":""},"class_list":["post-987508387","page","type-page","status-publish","hentry"],"yoast_head":"<!-- This site is optimized with the Yoast SEO plugin v27.5 - https:\/\/yoast.com\/product\/yoast-seo-wordpress\/ -->\n<title>Tiruvali-Tirunagari Restoration - Vishnu Global<\/title>\n<meta name=\"robots\" content=\"index, follow, max-snippet:-1, max-image-preview:large, max-video-preview:-1\" \/>\n<link rel=\"canonical\" href=\"https:\/\/vishnuglobal.org\/?page_id=987508387\" \/>\n<meta property=\"og:locale\" content=\"en_US\" \/>\n<meta property=\"og:type\" content=\"article\" \/>\n<meta property=\"og:title\" content=\"Tiruvali-Tirunagari Restoration - Vishnu Global\" \/>\n<meta property=\"og:description\" content=\"Urgent Call: Help complete the renovation of Tiruv\u0101li\u2013Tirunagari Divya De\u015bamThe Tiruv\u0101li\u2013Tirunagari Divya De\u015bam has been undergoing renovation since 2024. During this period, no utsavams for Sv\u0101mi Tiruma\u1e45gai \u0100\u1e3bv\u0101r have taken place. Most renovation work is now complete, and the only remaining project is the repair and restoration of the Temple Rampart Walls (Tiruma\u1e0dil Suvarga\u1e37). The [&hellip;]\" \/>\n<meta property=\"og:url\" content=\"https:\/\/vishnuglobal.org\/?page_id=987508387\" \/>\n<meta property=\"og:site_name\" content=\"Vishnu Global\" \/>\n<meta property=\"article:publisher\" content=\"https:\/\/www.facebook.com\/share\/1AQvR8PLma\/?mibextid=wwXIfr\" \/>\n<meta property=\"article:modified_time\" content=\"2026-02-26T21:01:39+00:00\" \/>\n<meta name=\"twitter:card\" content=\"summary_large_image\" \/>\n<meta name=\"twitter:label1\" content=\"Est. reading time\" \/>\n\t<meta name=\"twitter:data1\" content=\"2 minutes\" \/>\n<script type=\"application\/ld+json\" class=\"yoast-schema-graph\">{\"@context\":\"https:\\\/\\\/schema.org\",\"@graph\":[{\"@type\":\"WebPage\",\"@id\":\"https:\\\/\\\/vishnuglobal.org\\\/?page_id=987508387\",\"url\":\"https:\\\/\\\/vishnuglobal.org\\\/?page_id=987508387\",\"name\":\"Tiruvali-Tirunagari Restoration - Vishnu Global\",\"isPartOf\":{\"@id\":\"https:\\\/\\\/vishnuglobal.org\\\/#website\"},\"datePublished\":\"2026-02-26T20:28:04+00:00\",\"dateModified\":\"2026-02-26T21:01:39+00:00\",\"breadcrumb\":{\"@id\":\"https:\\\/\\\/vishnuglobal.org\\\/?page_id=987508387#breadcrumb\"},\"inLanguage\":\"en-US\",\"potentialAction\":[{\"@type\":\"ReadAction\",\"target\":[\"https:\\\/\\\/vishnuglobal.org\\\/?page_id=987508387\"]}]},{\"@type\":\"BreadcrumbList\",\"@id\":\"https:\\\/\\\/vishnuglobal.org\\\/?page_id=987508387#breadcrumb\",\"itemListElement\":[{\"@type\":\"ListItem\",\"position\":1,\"name\":\"Home\",\"item\":\"https:\\\/\\\/vishnuglobal.org\\\/\"},{\"@type\":\"ListItem\",\"position\":2,\"name\":\"Tiruvali-Tirunagari Restoration\"}]},{\"@type\":\"WebSite\",\"@id\":\"https:\\\/\\\/vishnuglobal.org\\\/#website\",\"url\":\"https:\\\/\\\/vishnuglobal.org\\\/\",\"name\":\"Vishnu Global\",\"description\":\"\",\"publisher\":{\"@id\":\"https:\\\/\\\/vishnuglobal.org\\\/#organization\"},\"potentialAction\":[{\"@type\":\"SearchAction\",\"target\":{\"@type\":\"EntryPoint\",\"urlTemplate\":\"https:\\\/\\\/vishnuglobal.org\\\/?s={search_term_string}\"},\"query-input\":{\"@type\":\"PropertyValueSpecification\",\"valueRequired\":true,\"valueName\":\"search_term_string\"}}],\"inLanguage\":\"en-US\"},{\"@type\":\"Organization\",\"@id\":\"https:\\\/\\\/vishnuglobal.org\\\/#organization\",\"name\":\"Vishnu Global\",\"url\":\"https:\\\/\\\/vishnuglobal.org\\\/\",\"logo\":{\"@type\":\"ImageObject\",\"inLanguage\":\"en-US\",\"@id\":\"https:\\\/\\\/vishnuglobal.org\\\/#\\\/schema\\\/logo\\\/image\\\/\",\"url\":\"https:\\\/\\\/vishnuglobal.org\\\/wp-content\\\/uploads\\\/2025\\\/11\\\/Design-scaled.jpg\",\"contentUrl\":\"https:\\\/\\\/vishnuglobal.org\\\/wp-content\\\/uploads\\\/2025\\\/11\\\/Design-scaled.jpg\",\"width\":2560,\"height\":2560,\"caption\":\"Vishnu Global\"},\"image\":{\"@id\":\"https:\\\/\\\/vishnuglobal.org\\\/#\\\/schema\\\/logo\\\/image\\\/\"},\"sameAs\":[\"https:\\\/\\\/www.facebook.com\\\/share\\\/1AQvR8PLma\\\/?mibextid=wwXIfr\"]}]}<\/script>\n<!-- \/ Yoast SEO plugin. -->","yoast_head_json":{"title":"Tiruvali-Tirunagari Restoration - Vishnu Global","robots":{"index":"index","follow":"follow","max-snippet":"max-snippet:-1","max-image-preview":"max-image-preview:large","max-video-preview":"max-video-preview:-1"},"canonical":"https:\/\/vishnuglobal.org\/?page_id=987508387","og_locale":"en_US","og_type":"article","og_title":"Tiruvali-Tirunagari Restoration - Vishnu Global","og_description":"Urgent Call: Help complete the renovation of Tiruv\u0101li\u2013Tirunagari Divya De\u015bamThe Tiruv\u0101li\u2013Tirunagari Divya De\u015bam has been undergoing renovation since 2024. During this period, no utsavams for Sv\u0101mi Tiruma\u1e45gai \u0100\u1e3bv\u0101r have taken place. Most renovation work is now complete, and the only remaining project is the repair and restoration of the Temple Rampart Walls (Tiruma\u1e0dil Suvarga\u1e37). The [&hellip;]","og_url":"https:\/\/vishnuglobal.org\/?page_id=987508387","og_site_name":"Vishnu Global","article_publisher":"https:\/\/www.facebook.com\/share\/1AQvR8PLma\/?mibextid=wwXIfr","article_modified_time":"2026-02-26T21:01:39+00:00","twitter_card":"summary_large_image","twitter_misc":{"Est. reading time":"2 minutes"},"schema":{"@context":"https:\/\/schema.org","@graph":[{"@type":"WebPage","@id":"https:\/\/vishnuglobal.org\/?page_id=987508387","url":"https:\/\/vishnuglobal.org\/?page_id=987508387","name":"Tiruvali-Tirunagari Restoration - Vishnu Global","isPartOf":{"@id":"https:\/\/vishnuglobal.org\/#website"},"datePublished":"2026-02-26T20:28:04+00:00","dateModified":"2026-02-26T21:01:39+00:00","breadcrumb":{"@id":"https:\/\/vishnuglobal.org\/?page_id=987508387#breadcrumb"},"inLanguage":"en-US","potentialAction":[{"@type":"ReadAction","target":["https:\/\/vishnuglobal.org\/?page_id=987508387"]}]},{"@type":"BreadcrumbList","@id":"https:\/\/vishnuglobal.org\/?page_id=987508387#breadcrumb","itemListElement":[{"@type":"ListItem","position":1,"name":"Home","item":"https:\/\/vishnuglobal.org\/"},{"@type":"ListItem","position":2,"name":"Tiruvali-Tirunagari Restoration"}]},{"@type":"WebSite","@id":"https:\/\/vishnuglobal.org\/#website","url":"https:\/\/vishnuglobal.org\/","name":"Vishnu Global","description":"","publisher":{"@id":"https:\/\/vishnuglobal.org\/#organization"},"potentialAction":[{"@type":"SearchAction","target":{"@type":"EntryPoint","urlTemplate":"https:\/\/vishnuglobal.org\/?s={search_term_string}"},"query-input":{"@type":"PropertyValueSpecification","valueRequired":true,"valueName":"search_term_string"}}],"inLanguage":"en-US"},{"@type":"Organization","@id":"https:\/\/vishnuglobal.org\/#organization","name":"Vishnu Global","url":"https:\/\/vishnuglobal.org\/","logo":{"@type":"ImageObject","inLanguage":"en-US","@id":"https:\/\/vishnuglobal.org\/#\/schema\/logo\/image\/","url":"https:\/\/vishnuglobal.org\/wp-content\/uploads\/2025\/11\/Design-scaled.jpg","contentUrl":"https:\/\/vishnuglobal.org\/wp-content\/uploads\/2025\/11\/Design-scaled.jpg","width":2560,"height":2560,"caption":"Vishnu Global"},"image":{"@id":"https:\/\/vishnuglobal.org\/#\/schema\/logo\/image\/"},"sameAs":["https:\/\/www.facebook.com\/share\/1AQvR8PLma\/?mibextid=wwXIfr"]}]}},"_links":{"self":[{"href":"https:\/\/vishnuglobal.org\/index.php?rest_route=\/wp\/v2\/pages\/987508387","targetHints":{"allow":["GET"]}}],"collection":[{"href":"https:\/\/vishnuglobal.org\/index.php?rest_route=\/wp\/v2\/pages"}],"about":[{"href":"https:\/\/vishnuglobal.org\/index.php?rest_route=\/wp\/v2\/types\/page"}],"author":[{"embeddable":true,"href":"https:\/\/vishnuglobal.org\/index.php?rest_route=\/wp\/v2\/users\/1"}],"replies":[{"embeddable":true,"href":"https:\/\/vishnuglobal.org\/index.php?rest_route=%2Fwp%2Fv2%2Fcomments&post=987508387"}],"version-history":[{"count":7,"href":"https:\/\/vishnuglobal.org\/index.php?rest_route=\/wp\/v2\/pages\/987508387\/revisions"}],"predecessor-version":[{"id":987508400,"href":"https:\/\/vishnuglobal.org\/index.php?rest_route=\/wp\/v2\/pages\/987508387\/revisions\/987508400"}],"wp:attachment":[{"href":"https:\/\/vishnuglobal.org\/index.php?rest_route=%2Fwp%2Fv2%2Fmedia&parent=987508387"}],"curies":[{"name":"wp","href":"https:\/\/api.w.org\/{rel}","templated":true}]}}